2
Let k(n) = -n - 1 - 7 + 6. Let i be 1/((-4)/(-28) + 0). Suppose -2*y + 3 = -i. Determine k(y).
-7
Suppose -2*z + 9 = 7. Let g(a) be the first derivative of 7*a**3/3 + a**2/2 + 2. Calculate g(z).
8
Let g(w) = 5*w + 10. Suppose 18 = -4*b + 5*n, n + 2 = 4*b + 6*n. Calculate g(b).
0
Let r(f) = -1 + 0*f + 2 + f. Suppose 0 = -b + 5*u - 6, 5*b + 34 = -2*u + 31. Determine r(b).
0
Let d(g) = -2*g + 3 - 2 - 1 + 1. Let r = -62 - -64. Give d(r).
-3
Let h(g) = 3*g - 3. Let l(s) = 0*s + s - 1 + s. Let r be 16/(-40) + 44/10. Let q(u) = r*h(u) - 9*l(u). Determine q(-2).
9
Let k(g) = g - 14. Let c(t) = -5*t + 112. Let z be c(21). Determine k(z).
-7
Let x(q) = q**3 - 3*q**2 + 5*q - 7. Let c be 1/(-3 + (-6)/(-4))*-3. Let f be x(c). Let d(b) = b + 1. Calculate d(f).
0
Let j(n) = -3*n + 7. Let z be j(-2). Let u(r) = z*r**2 - 15*r**2 - 2*r**3 - 1 + 3*r**3 + 3*r. What is u(3)?
17
Let w(v) be the first derivative of v**2/2 + 16*v + 19. Determine w(-17).
-1
Suppose -4*u - 8 = -4*b, 4*u = 4*b - 2*b. Suppose -4*j - 15 + 38 = -3*s, j = u. Let c(g) = 4 + 10*g - 11*g - 4. Calculate c(s).
5
Let y(l) = -l + 5. Let v be y(3). Let z be (v - -1 - 1)*2. Suppose 0 = -0*n - z*n - 12. Let u(o) = o**3 + 4*o**2 + 2*o + 1. Determine u(n).
4
Suppose -2*a = -7*a + 4*y - 18, -5*y = -3*a - 16. Let r(x) = -4 - x + x**3 + 2 - x**2 + 1. Give r(a).
-11
Suppose -4*c - c + 35 = 0. Let q = -3 + c. Suppose q*y = 2 - 10. Let g(n) = n**2. Calculate g(y).
4
Let j(z) = -2*z + 5. Let v = -216 + 211. Determine j(v).
15
Let o(x) be the third derivative of x**4/12 - 2*x**3 + 71*x**2. Determine o(14).
16
Suppose -3*b - 5 + 38 = 0. Let k(m) = 3*m**3 - 14*m**2 + 14*m - 7. Let g(w) = w**3 - w**2 + w. Let v(s) = 2*g(s) - k(s). Calculate v(b).
-4
Let p(j) = j**2 - 6. Let m(r) = r**2 - 5. Let u(y) = 4*m(y) - 3*p(y). Let n = 10 - 7. Suppose 3*i - 4*a + 7*a = -n, 2 = -i - 2*a. Calculate u(i).
-2
Let h(b) = -b + 2. Let u(g) = -g**3 + 3*g**2 - 4*g + 3. Let p be u(1). Let o(r) = 4*r**2 + 3*r - 1. Let w be o(p). Calculate h(w).
-4
Let u(b) be the second derivative of 0 - 23*b - 9/2*b**2 - 1/2*b**3. What is u(-6)?
9
Let i(d) = d**3 - d**2 + d - 7. Suppose -2 = -2*v, 6*j - v - 50 = 3*j. Let s = 17 - j. Determine i(s).
-7
Let p(t) = 17*t**2 + 4 - 1 + t - 4. Let k(m) = 4*m + 23. Let j be k(7). Let h be ((-5)/3)/((-85)/j). Calculate p(h).
17
Let n = -2 + 6. Suppose 0 = -n*m + 4*g - 40, -2*m = g - 2*g + 16. Let s(t) be the second derivative of -t**4/12 - 5*t**3/6 - t**2/2 - 10*t. Determine s(m).
-7
Let u = 4 + -2. Let d(q) = -5*q**2 + 2*q**2 + 4*q**u - q**3 + 2*q - 1 + 3*q**2. Let k be (-20)/(-6) - (-12)/18. Give d(k).
7
Let j(x) = -3*x**2 + 61 - 160 - 4*x + 95. Determine j(-2).
-8
Let g be (((-24)/18)/(-4))/(1/3). Let t(f) be the first derivative of 2*f**4 + f**2/2 - f - 3. What is t(g)?
8
Let c(j) = -j**2 - 14*j + 16. Let a be c(-15). Let d(p) = 8*p**3 + 2*p - 1. Give d(a).
9
Suppose -k = 5*y - 17, 2*k - y + 1 = 2. Suppose k = 2*o + v, 5*o + 7 - 2 = -5*v. Let j(a) = 3 + o*a + a - 7*a + 0. Calculate j(2).
-3
Suppose -10*z = -2*v - 13*z - 22, 0 = -5*v + 5*z - 5. Let o(u) = -u**2 - 4*u + 8. Determine o(v).
3
Let i(a) be the first derivative of a**4/2 - a**3 + a**2 - 251. Calculate i(1).
1
Let x(z) = z**3 - 3*z + 3. Let q be x(2). Suppose q*h = 4*c + 6 + 19, -2*h - 4*c = -38. Let a(j) = 5 - h + 6 - 2*j. Determine a(-4).
10
Let i(o) = o**3 + 9*o**2 - o + 1. Suppose 5*u + 45 = 5*s, 4*s = -8*u + 5*u - 27. What is i(u)?
10
Let s(j) = -7*j**2 + 2*j - 1. Let x be s(1). Let a(c) be the third derivative of -c**5/60 - c**4/4 - 7*c**3/6 + 38*c**2. What is a(x)?
-7
Let t(j) = 5*j - 2. Let s(k) = 2*k**2 + k. Let r be s(0). Suppose r = 2*h + 3*a + 2*a - 8, 3*a = 0. Give t(h).
18
Let c(y) be the first derivative of -y**2 - y - 42. Suppose -5*z + 0*z = 5*u + 25, -2*u + 2 = -z. What is c(z)?
7
Let l be -3 - 0 - (-20 + 6). Suppose l = -11*u - 11. Let h(q) = -q**3 - 2*q**2 + q. Calculate h(u).
-2
Let s(j) = -2*j**3 - 25*j**2 + 12*j - 9. Let q be s(-13). Let b(u) = -u - 8. Give b(q).
-12
Suppose 0 = 2*k + 4*v - 4, -5*v - 6 + 11 = -k. Let o(p) = -2*p + 8. Calculate o(k).
8
Let t(s) = -4*s + 3. Let p(f) = f**2 + 8*f + 10. Let d be p(-7). Suppose 4*i = -4*o, -i - 3*i - 4 = 2*o. Suppose -d = -l - a, -l + 4*a - o = -0*l. Give t(l).
-5
Let r(c) = -c**3 + 15*c**2 - 14*c - 8. Suppose -21*z = -205 - 89. Give r(z).
-8
Let p = -8 - -13. Let v(l) = -l - 3*l**2 + 2 - p + 3*l + 0. Suppose 4*q - j = 3*j + 12, -j = 3*q - 5. Calculate v(q).
-11
Let d(u) = 2*u**3 + u**2 + u. Let w be 18/(-27) - 2/(-18)*-3. Determine d(w).
-2
Let i(h) = 6*h**2 + h - 1. Suppose 0 = -5*v - 20*v + 25. Determine i(v).
6
Let m(o) = -o - 2. Let c be m(-9). Let j(h) be the first derivative of c + h**2 + 0*h**2 - 1 + 6*h. Determine j(-6).
-6
Suppose 2*l = -7 + 3, 5*v - 2*l = 4. Let a be (v + 0)/(-1 + -1). Let s(o) = 7*o + 31. Let n(m) = -13*m - 56. Let h(x) = -6*n(x) - 11*s(x). Give h(a).
-5
Let l(s) = 3*s + 2*s + 24 - 5*s + s - 11. Determine l(-10).
3
Suppose 0 = 2*m + y + 4*y + 9, 4*y = 3*m - 21. Let k(b) = 2*b**2 + 0*b**3 + 0*b**3 + 3 + 3*b**2 + b**m. Give k(-5).
3
Let m = 28 + -20. Let r(t) = -5*t + m*t - 2 - t. What is r(-4)?
-10
Let k(b) = -41*b**2 + 9*b**3 + 83*b**2 - 38*b**2 + 4 - 11*b**3. Let o be -2*-2*(-3)/(-4). Give k(o).
-14
Let p(o) = o**2 + 8. Let u = -227 - -227. Give p(u).
8
Suppose 3*u = 4*w - 260, w + 4*w - 3*u = 322. Let v(p) = -3*p + p - 64 + w. Determine v(4).
-10
Let n(l) = -3*l**2 - 4*l + 13. Let o(a) = 2*a**2 + 3*a - 13. Let d(m) = -3*n(m) - 4*o(m). Let z(q) = -q - 1. Let k be z(-1). Determine d(k).
13
Let s(l) be the third derivative of 11*l**2 + 0 - 1/6*l**4 + 0*l - 2/3*l**3. Give s(3).
-16
Let j(o) be the first derivative of -6 + 1/4*o**4 - 7/2*o**2 - 5*o + o**3. Let q = -8 - -4. Calculate j(q).
7
Let n(u) = -14*u + 1087. Let c be n(77). Let p(x) = x - 24. Calculate p(c).
-15
Let g(v) = -v**3 - 7*v**2 - 5*v + 1. Let d be 19 + (0 - (2 + -1)). Let l = d - 16. Let j = l + -8. What is g(j)?
-5
Suppose -8*a = -3*a - 135. Let n = a - 22. Let i(p) = -2*p**2 + 6*p - 1. Give i(n).
-21
Suppose 19*b - 10 = 18*b. Let z(o) = -5 - 11 + b + 3*o. Determine z(4).
6
Let b(o) = o**3 - 19*o**2 - o + 11. Let d(g) = -g**3 - 25*g**2 + 55*g + 46. Let j be d(-27). Give b(j).
-8
Let x(p) be the first derivative of p**4/4 - 2*p**3/3 - 6*p - 657. Calculate x(3).
3
Let j = -28 + 39. Let y be (1 - 2)*(6 + -13 + 20). Let q = y + j. Let a(n) = n**3 - n**2 + n + 1. What is a(q)?
-13
Suppose 6*d - 10 = 38. Let v(t) = 0*t + 16 - 18 + d + t. Determine v(-7).
-1
Let x(h) be the second derivative of 9*h**4/4 + h**3/6 + 101*h. What is x(1)?
28
Let d = 8 - 4. Suppose b = -b + d. Let h(w) be the third derivative of w**6/120 - w**5/30 - w**4/12 + w**3/3 + 2*w**2. Give h(b).
-2
Let o(h) = 27*h**3 - 29*h**2 + 21*h - 19. Let j(a) = -5*a**3 + 6*a**2 - 4*a + 4. Let w(m) = 11*j(m) + 2*o(m). Give w(7).
41
Let g(a) = 2*a**3 + 2*a + 1. Let r(h) = h + 7. Let n be r(-4). Suppose n = d - 0*d. Suppose 2*l - 3 = 3*s, d*s + 3 = -3*l - l. Calculate g(s).
-3
Let t(k) = k**2 - 2. Let r be t(-2). Suppose -4*x - 42 = -5*a, r*a = -x + 3*x + 18. Let b(n) = n**2 - 4*n - 8 + 0 + 2. Give b(a).
6
Let t(i) = -i + 49. Let y(l) = -l + 41. Let j(w) = 6*t(w) - 7*y(w). Calculate j(-13).
-6
Let g = 29 - 31. Let s(k) be the third derivative of 0 + 1/4*k**4 + 1/2*k**3 + 0*k - 2*k**2. Give s(g).
-9
Let u(b) = b**2 - 9*b + 5. Let h be 7/7*(-9)/(-1). What is u(h)?
5
Let h(a) = -a**2 - 8*a - 2. Suppose 3*p = 76 - 13. Let r = p + -27. What is h(r)?
10
Let o(m) = -m**2 - m + 5. Let b be ((-471)/9)/((-9)/(-27)). Let h = -161 - b. Determine o(h).
-7
Let s(w) = -7 + 0 + 6*w**2 + 2 + w**3 + 4*w. Suppose -11 - 23 = -5*r + o, -40 = -5*r - 5*o. Let z be 3/6*4 - r. Determine s(z).
0
Let m(c) = -3 + 2 - 4*c + c + 6. Let q be m(0). Let o(p) = 2*p**3 - p**3 - 2*p**3 - 3 + 8*p + 3*p**2. Calculate o(q).
-13
Let m(b) = -11*b**3 + 16*b**3 - 4*b**3 + 4*b**2 - 2. Let i be m(-4). Let v(x) = 15*x + 2. Give v(i).
-28
Suppose 5*w - 25 = -0*w. Let n = 5 - 7. Let q be (w/(-2))/(n/4). Let s(u) = -u**3 + 5*u**2 + u - 4. Calculate s(q).
1
Let a(h) = -14 + 3 + 4 + 6. Let s(c) = c + 8. Let i(v) = -a(v) - s(v). Determine i(-10).
3
Let d(f) = f**3 - f**2 - 9*f - 8. Let n be d(4). Let p(c) = -2*c + 3 + 2 - 3 - 5. What is p(n)?
-11
Let d(k) = 45 + 0*k - 4*k + 41 - 